753
List the prime factors of 569136.
2, 3, 71, 167
What are the prime factors of 80478?
2, 3, 17, 263
List the prime factors of 622253.
29, 43, 499
List the prime factors of 1898339.
17, 111667
List the prime factors of 11848.
2, 1481
List the prime factors of 6401158.
2, 3200579
What are the prime factors of 10376278?
2, 11, 471649
List the prime factors of 274588.
2, 19, 3613
List the prime factors of 369346.
2, 151, 1223
What are the prime factors of 144186?
2, 3, 7, 3433
What are the prime factors of 1098857?
31, 35447
List the prime factors of 14164038.
2, 3, 7, 53, 101
List the prime factors of 288681.
3, 41, 2347
What are the prime factors of 2431325?
5, 13, 7481
List the prime factors of 6785218.
2, 11, 31, 9949
List the prime factors of 358382.
2, 29, 37, 167
List the prime factors of 9278769.
3, 101, 113, 271
List the prime factors of 249105.
3, 5, 16607
What are the prime factors of 832151?
832151
What are the prime factors of 5971329?
3, 7, 13, 23, 317
What are the prime factors of 3034968?
2, 3, 126457
What are the prime factors of 44082?
2, 3, 31, 79
What are the prime factors of 1045771?
907, 1153
List the prime factors of 11963.
7, 1709
List the prime factors of 19436660.
2, 5, 971833
List the prime factors of 2345716.
2, 586429
List the prime factors of 813261.
3, 113, 2399
List the prime factors of 36017.
36017
What are the prime factors of 1047?
3, 349
List the prime factors of 1676162.
2, 41, 20441
List the prime factors of 461801.
461801
List the prime factors of 17107174.
2, 7, 227, 769
What are the prime factors of 3765982?
2, 11, 71, 2411
What are the prime factors of 674158?
2, 19, 113, 157
What are the prime factors of 715583?
11, 65053
What are the prime factors of 231661?
231661
What are the prime factors of 1166539?
11, 173, 613
What are the prime factors of 3163631?
3163631
List the prime factors of 257802.
2, 3, 42967
What are the prime factors of 15133297?
15133297
List the prime factors of 325535.
5, 7, 71, 131
List the prime factors of 5184037.
31, 43, 3889
List the prime factors of 446695.
5, 41, 2179
What are the prime factors of 329502?
2, 3, 54917
List the prime factors of 1612050.
2, 3, 5, 11, 977
What are the prime factors of 3558433?
3558433
List the prime factors of 12690450.
2, 3, 5, 28201
List the prime factors of 384431.
31, 12401
What are the prime factors of 3858508?
2, 29, 31, 37
List the prime factors of 675048.
2, 3, 11, 2557
What are the prime factors of 880836?
2, 3, 11, 6673
List the prime factors of 1366738.
2, 569, 1201
List the prime factors of 584056.
2, 11, 6637
What are the prime factors of 8460691?
331, 25561
What are the prime factors of 4978?
2, 19, 131
List the prime factors of 24730566.
2, 3, 7, 23, 25601
List the prime factors of 22203982.
2, 467, 23773
What are the prime factors of 935249?
7, 23, 37, 157
List the prime factors of 1073330.
2, 5, 181, 593
List the prime factors of 844977.
3, 7, 40237
What are the prime factors of 2226513?
3, 31, 89, 269
What are the prime factors of 4971629?
13, 89, 4297
List the prime factors of 3849593.
11, 349963
List the prime factors of 3942998.
2, 83, 23753
What are the prime factors of 259586?
2, 129793
What are the prime factors of 8190968?
2, 1023871
What are the prime factors of 4325667?
3, 17, 89, 953
What are the prime factors of 1983852?
2, 3, 13, 157
What are the prime factors of 172125?
3, 5, 17
List the prime factors of 4647596.
2, 17, 41, 1667
List the prime factors of 19426636.
2, 29, 167471
What are the prime factors of 8411009?
8411009
What are the prime factors of 398160?
2, 3, 5, 7, 79
What are the prime factors of 1240127?
7, 29, 41, 149
What are the prime factors of 39361?
7, 5623
What are the prime factors of 43956257?
29, 1515733
List the prime factors of 4931698.
2, 197, 12517
What are the prime factors of 2453182?
2, 409, 2999
What are the prime factors of 82944?
2, 3
What are the prime factors of 9321788?
2, 7, 332921
What are the prime factors of 42333?
3, 103, 137
What are the prime factors of 780208?
2, 11, 13, 31
What are the prime factors of 379686?
2, 3, 63281
List the prime factors of 8451377.
11, 101, 7607
What are the prime factors of 15090130?
2, 5, 11, 137183
List the prime factors of 64490.
2, 5, 6449
List the prime factors of 20760164.
2, 5190041
List the prime factors of 268228.
2, 67057
List the prime factors of 526672.
2, 32917
What are the prime factors of 1317525?
3, 5, 11, 1597
List the prime factors of 18894.
2, 3, 47, 67
What are the prime factors of 333490?
2, 5, 33349
What are the prime factors of 226608?
2, 3, 4721
List the prime factors of 6426323.
17, 378019
List the prime factors of 1119010.
2, 5, 317, 353
What are the prime factors of 4456751?
13, 131, 2617
What are the prime factors of 1908225?
3, 5, 11, 257
What are the prime factors of 4441832?
2, 67, 8287
List the prime factors of 388892.
2, 7, 17, 19, 43
List the prime factors of 2214037.
7, 316291
What are the prime factors of 1151777?
11, 104707
List the prime factors of 104209.
7, 14887
List the prime factors of 244456.
2, 30557
List the prime factors of 32254265.
5, 397, 16249
List the prime factors of 635911.
19, 33469
List the prime factors of 22140.
2, 3, 5, 41
List the prime factors of 158704.
2, 7, 13, 109
List the prime factors of 7532034.
2, 3, 167, 7517
What are the prime factors of 249994?
2, 239, 523
What are the prime factors of 33496?
2, 53, 79
List the prime factors of 196.
2, 7
What are the prime factors of 854330?
2, 5, 37, 2309
What are the prime factors of 127467?
3, 4721
List the prime factors of 1273306.
2, 636653
List the prime factors of 335228.
2, 43, 1949
What are the prime factors of 9074982?
2, 3, 7, 216071
What are the prime factors of 4510634?
2, 353, 6389
List the prime factors of 276202.
2, 138101
List the prime factors of 306500.
2, 5, 613
List the prime factors of 1208660.
2, 5, 223, 271
What are the prime factors of 10195848?
2, 3, 13, 3631
What are the prime factors of 253951?
253951
List the prime factors of 4064713.
73, 55681
List the prime factors of 4210408.
2, 617, 853
List the prime factors of 691782.
2, 3, 7, 13, 181
What are the prime factors of 219660?
2, 3, 5, 7, 523
What are the prime factors of 86877?
3, 7, 197
List the prime factors of 317912.
2, 7, 811
What are the prime factors of 660625?
5, 7, 151
What are the prime factors of 9208969?
7, 11, 41, 2917
What are the prime factors of 12861056?
2, 13, 59, 131
List the prime factors of 450400.
2, 5, 563
What are the prime factors of 178723?
313, 571
What are the prime factors of 600694?
2, 300347
List the prime factors of 359639.
7, 83, 619
What are the prime factors of 603050?
2, 5, 7, 1723
List the prime factors of 169841.
7, 19, 1277
List the prime factors of 553432.
2, 11, 19, 331
List the prime factors of 540327.
3, 233, 773
What are the prime factors of 638026?
2, 59, 5407
What are the prime factors of 409656?
2, 3, 13, 101
What are the prime factors of 24836352?
2, 3, 73, 443
What are the prime factors of 8681219?
83, 104593
List the prime factors of 2451071.
7, 487, 719
List the prime factors of 2130044.
2, 7, 127, 599
What are the prime factors of 404435?
5, 47, 1721
List the prime factors of 305588.
2, 241, 317
List the prime factors of 1526827.
359, 4253
List the prime factors of 14349023.
13, 811, 1361
What are the prime factors of 287399?
7, 41057
List the prime factors of 818427.
3, 272809
List the prime factors of 118345.
5, 23669
List the prime factors of 12983802.
2, 3, 13, 19, 8761
List the prime factors of 1273975.
5, 131, 389
What are the prime factors of 135678?
2, 3, 22613
What are the prime factors of 1721589?
3, 573863
What are the prime factors of 25966056?
2, 3, 1081919
What are the prime factors of 247659?
3, 31, 2663
List the prime factors of 6470340.
2, 3, 5, 107839
What are the prime factors of 272000?
2, 5, 17
List the prime factors of 447851.
79, 5669
What are the prime factors of 1632506?
2, 53, 15401
What are the prime factors of 4002555?
3, 5, 266837
List the prime factors of 22581868.
2, 911, 6197
List the prime factors of 4812285.
3, 5, 31, 79, 131
What are the prime factors of 1416360?
2, 3, 5, 11, 29, 37
What are the prime factors of 193675?
5, 61, 127
What are the prime factors of 654797?
11, 1